4?
127
What is the remainder when 107304 is divided by 5645?
49
Calculate the remainder when 361614 is divided by 22581.
318
What is the remainder when 1375268 is divided by 418?
48
What is the remainder when 1568122 is divided by 14?
10
What is the remainder when 3192 is divided by 2359?
833
Calculate the remainder when 2108727 is divided by 8079.
108
Calculate the remainder when 26335319 is divided by 5.
4
What is the remainder when 79686 is divided by 1669?
1243
Calculate the remainder when 2172373 is divided by 474.
31
What is the remainder when 1469115 is divided by 2875?
2865
Calculate the remainder when 7082388 is divided by 371.
369
Calculate the remainder when 72727 is divided by 1650.
127
What is the remainder when 314826 is divided by 1931?
73
Calculate the remainder when 39222403 is divided by 9805597.
15
What is the remainder when 1035248 is divided by 2884?
2776
What is the remainder when 1641859 is divided by 170?
169
What is the remainder when 34232 is divided by 33931?
301
What is the remainder when 27572743 is divided by 69?
67
What is the remainder when 57806739 is divided by 390586?
11
Calculate the remainder when 764260 is divided by 5703.
58
Calculate the remainder when 8827773 is divided by 2528.
2525
Calculate the remainder when 11551341 is divided by 97.
96
Calculate the remainder when 425051087 is divided by 1253838.
5
Calculate the remainder when 5732680 is divided by 197673.
163
Calculate the remainder when 15237851 is divided by 28.
27
What is the remainder when 25744 is divided by 3666?
82
What is the remainder when 123063 is divided by 30394?
1487
Calculate the remainder when 302907 is divided by 136.
35
What is the remainder when 49440 is divided by 4933?
110
What is the remainder when 2597708 is divided by 30561?
23
What is the remainder when 100383 is divided by 4111?
1719
What is the remainder when 6913280 is divided by 214?
10
Calculate the remainder when 1268209 is divided by 31.
30
Calculate the remainder when 780383 is divided by 390129.
125
Calculate the remainder when 406022 is divided by 5019.
4502
What is the remainder when 60149 is divided by 27741?
4667
Calculate the remainder when 292780 is divided by 6.
4
What is the remainder when 5830476 is divided by 571?
566
What is the remainder when 50130 is divided by 466?
268
Calculate the remainder when 8870049 is divided by 46.
7
What is the remainder when 11748506 is divided by 12868?
22
Calculate the remainder when 1804812 is divided by 1945.
1797
What is the remainder when 515583 is divided by 54?
45
What is the remainder when 143298617 is divided by 239?
192
Calculate the remainder when 558862 is divided by 347.
192
Calculate the remainder when 14302117 is divided by 223.
12
What is the remainder when 45276 is divided by 8940?
576
What is the remainder when 187312826 is divided by 93?
38
Calculate the remainder when 591614 is divided by 15868.
4498
Calculate the remainder when 673995 is divided by 224339.
978
Calculate the remainder when 120899601 is divided by 6.
3
Calculate the remainder when 13317 is divided by 5536.
2245
What is the remainder when 11858935 is divided by 11?
0
Calculate the remainder when 24318 is divided by 92.
30
Calculate the remainder when 1698151 is divided by 848991.
169
What is the remainder when 14999593 is divided by 1612?
1545
What is the remainder when 163096167 is divided by 751?
746
What is the remainder when 212327685 is divided by 34?
31
Calculate the remainder when 80245 is divided by 7992.
325
Calculate the remainder when 955113 is divided by 364.
341
Calculate the remainder when 5214638 is divided by 227.
221
What is the remainder when 9686 is divided by 4718?
250
What is the remainder when 5896783 is divided by 44?
35
What is the remainder when 38184197 is divided by 64?
5
What is the remainder when 720816 is divided by 1258?
1240
Calculate the remainder when 9244401 is divided by 1555.
1481
Calculate the remainder when 35446565 is divided by 855.
830
Calculate the remainder when 2797175 is divided by 816.
743
What is the remainder when 104413 is divided by 17398?
25
Calculate the remainder when 576577 is divided by 1376.
33
What is the remainder when 315972 is divided by 707?
650
Calculate the remainder when 486397 is divided by 7720.
37
Calculate the remainder when 2667 is divided by 2618.
49
Calculate the remainder when 54304414 is divided by 2402.
2400
Calculate the remainder when 20957588 is divided by 29.
13
What is the remainder when 11628243 is divided by 2907056?
19
Calculate the remainder when 96356589 is divided by 6704.
6701
What is the remainder when 3566282 is divided by 330?
302
What is the remainder when 80097 is divided by 1701?
150
What is the remainder when 702482 is divided by 686?
18
What is the remainder when 42336 is divided by 4200?
336
What is the remainder when 1599915 is divided by 8787?
681
Calculate the remainder when 333349311 is divided by 2629.
2627
Calculate the remainder when 4847099 is divided by 50.
49
What is the remainder when 6461843 is divided by 11?
3
Calculate the remainder when 51593180 is divided by 23.
17
Calculate the remainder when 6687 is divided by 304.
303
Calculate the remainder when 17789749 is divided by 5220.
5209
Calculate the remainder when 89528347 is divided by 13763.
32
Calculate the remainder when 4069974 is divided by 132.
18
Calculate the remainder when 21456249 is divided by 131.
21
Calculate the remainder when 12030879 is divided by 32.
31
Calculate the remainder when 11232209 is divided by 2702.
2697
Calculate the remainder when 366240 is divided by 726.
336
What is the remainder when 208953 is divided by 2787?
2715
Calculate the remainder when 2700696 is divided by 25.
21
What is the remainder when 355373 is divided by 118441?
50
Calculate the remainder when 472846986 is divided by 122.
118
What is the remainder when 991344 is divided by 247759?
308
What is the remainder when 752784 is divided by 28?
4
What is the remainder when 22939524 is divided by 3636?
0
What is the remainder when 103996597 is divided by 2339?
2318
What is the remainder when 1176358 is divided by 183?
34
Calculate the remainder when 212492 is divided by 958.
774
Calculate the remainder when 14246649 is divided by 101.
94
What is the remainder when 2553630 is divided by 463?
185
Calculate the remainder when 233550 is divided by 472.
382
What is the remainder when 1620520 is divided by 596?
592
What is the remainder when 70552 is divided by 70537?
15
What is the remainder when 2501414 is divided by 87?
77
Calculate the remainder when 79579346 is divided by 4592.
4578
What is the remainder when 17115 is divided by 1322?
1251
What is the remainder when 7708027 is divided by 1047?
13
Calculate the remainder when 4844112 is divided by 22.
20
Calculate the remainder when 52912825 is divided by 129.
121
Calculate the remainder when 1422759 is divided by 1870.
1559
What is the remainder when 1130294562 is divided by 98?
96
Calculate the remainder when 4741537 is divided by 138.
133
What is the remainder when 2142318 is divided by 5076?
246
What is the remainder when 220719 is divided by 794?
781
Calculate the remainder when 440605621 is divided by 61.
59
Calculate the remainder when 21720 is divided by 10449.
822
Calculate the remainder when 28954810 is divided by 51705.
10
Calculate the remainder when 516568813 is divided by 89.
86
Calculate the remainder when 5561954 is divided by 1853981.
11
Calculate the remainder when 136105722 is divided by 35.
32
What is the remainder when 4058350 is divided by 80?
30
Calculate the remainder when 3343 is divided by 1583.
177
What is the remainder when 93893 is divided by 7741?
1001
Calculate the remainder when 46039 is divided by 158.
61
What is the remainder when 144183283 is divided by 1031?
1026
Calculate the remainder when 1553661 is divided by 780.
681
Calculate the remainder when 25580013 is divided by 44.
41
What is the remainder when 367497 is divided by 183026?
1445
Calculate the remainder when 160711 is divided by 14443.
1838
Calculate the remainder when 15233 is divided by 31.
12
What is the remainder when 34194 is divided by 1820?
1434
What is the remainder when 227415 is divided by 235?
170
Calculate the remainder when 8074965